 remainder when 49722 is divided by 118?
44
Calculate the remainder when 314395 is divided by 105.
25
What is the remainder when 2208 is divided by 53?
35
Calculate the remainder when 1931 is divided by 126.
41
What is the remainder when 5804 is divided by 420?
344
Calculate the remainder when 11628 is divided by 253.
243
What is the remainder when 597362 is divided by 126?
122
What is the remainder when 37462 is divided by 28?
26
Calculate the remainder when 10744 is divided by 895.
4
What is the remainder when 31712 is divided by 736?
64
What is the remainder when 1203192 is divided by 204?
0
Calculate the remainder when 104584 is divided by 4547.
3
What is the remainder when 35491 is divided by 20?
11
What is the remainder when 15583 is divided by 8?
7
What is the remainder when 25391 is divided by 1263?
131
What is the remainder when 4486 is divided by 216?
166
What is the remainder when 19190 is divided by 1067?
1051
Calculate the remainder when 5777 is divided by 1908.
53
Calculate the remainder when 411874 is divided by 25.
24
Calculate the remainder when 18760 is divided by 21.
7
Calculate the remainder when 20844 is divided by 1225.
19
What is the remainder when 7295 is divided by 1759?
259
Calculate the remainder when 612166 is divided by 84.
58
Calculate the remainder when 18739 is divided by 985.
24
Calculate the remainder when 10449 is divided by 2088.
9
What is the remainder when 6999329 is divided by 262?
261
Calculate the remainder when 749 is divided by 438.
311
Calculate the remainder when 92429 is divided by 79.
78
What is the remainder when 1330 is divided by 125?
80
Calculate the remainder when 1941018 is divided by 171.
168
What is the remainder when 11064 is divided by 2757?
36
What is the remainder when 35273 is divided by 336?
329
What is the remainder when 4397 is divided by 35?
22
Calculate the remainder when 13151 is divided by 27.
2
What is the remainder when 10126 is divided by 1231?
278
What is the remainder when 8022 is divided by 73?
65
What is the remainder when 1632 is divided by 14?
8
Calculate the remainder when 47057 is divided by 53.
46
What is the remainder when 369482 is divided by 1?
0
What is the remainder when 26311 is divided by 797?
10
What is the remainder when 16283 is divided by 23?
22
What is the remainder when 92434 is divided by 11554?
2
What is the remainder when 154674 is divided by 38658?
42
Calculate the remainder when 1076 is divided by 522.
32
What is the remainder when 292659 is divided by 142?
139
Calculate the remainder when 841 is divided by 356.
129
What is the remainder when 5497 is divided by 1821?
34
Calculate the remainder when 670 is divided by 223.
1
What is the remainder when 4014599 is divided by 9?
5
What is the remainder when 49522 is divided by 195?
187
What is the remainder when 3215 is divided by 368?
271
What is the remainder when 3797 is divided by 190?
187
What is the remainder when 103740 is divided by 40?
20
Calculate the remainder when 159624 is divided by 15.
9
Calculate the remainder when 2976575 is divided by 96.
95
Calculate the remainder when 7330 is divided by 15.
10
Calculate the remainder when 155329 is divided by 14120.
9
Calculate the remainder when 268783 is divided by 15.
13
Calculate the remainder when 722950 is divided by 108.
106
What is the remainder when 1351 is divided by 224?
7
Calculate the remainder when 3573556 is divided by 164.
160
What is the remainder when 10167 is divided by 1015?
17
Calculate the remainder when 18270 is divided by 6087.
9
Calculate the remainder when 34621 is divided by 18.
7
What is the remainder when 19779 is divided by 257?
247
Calculate the remainder when 2163 is divided by 62.
55
Calculate the remainder when 173927 is divided by 187.
17
Calculate the remainder when 384026 is divided by 127956.
158
What is the remainder when 501876 is divided by 53?
19
Calculate the remainder when 1588439 is divided by 930.
929
Calculate the remainder when 3002 is divided by 1490.
22
Calculate the remainder when 1342822 is divided by 257.
254
What is the remainder when 8622 is divided by 996?
654
What is the remainder when 2634 is divided by 30?
24
Calculate the remainder when 11665 is divided by 729.
1
Calculate the remainder when 2948657 is divided by 1031.
1028
Calculate the remainder when 1011932 is divided by 664.
660
Calculate the remainder when 1812774 is divided by 7.
5
What is the remainder when 178467 is divided by 15?
12
Calculate the remainder when 3997 is divided by 154.
147
What is the remainder when 9676 is divided by 921?
466
What is the remainder when 1736 is divided by 931?
805
What is the remainder when 153809 is divided by 10?
9
What is the remainder when 2328142 is divided by 235?
232
Calculate the remainder when 452544 is divided by 44.
4
Calculate the remainder when 1562 is divided by 1436.
126
What is the remainder when 9250 is divided by 3050?
100
What is the remainder when 341 is divided by 308?
33
Calculate the remainder when 182241 is divided by 12.
9
Calculate the remainder when 10087 is divided by 460.
427
Calculate the remainder when 9842 is divided by 1965.
17
Calculate the remainder when 77488 is divided by 125.
113
Calculate the remainder when 3191 is divided by 1576.
39
Calculate the remainder when 307 is divided by 82.
61
What is the remainder when 33347 is divided by 3333?
17
What is the remainder when 30475 is divided by 82?
53
Calculate the remainder when 22814 is divided by 1192.
166
What is the remainder when 73569 is divided by 36782?
5
What is the remainder when 1236 is divided by 353?
177
What is the remainder when 14016 is divided by 58?
38
What is the remainder when 20233 is divided by 1871?
1523
Calculate the remainder when 4170 is divided by 2016.
138
Calculate the remainder when 3864 is divided by 10.
4
Calculate the remainder when 17253 is divided by 3.
0
Calculate the remainder when 92629 is divided by 561.
64
What is the remainder when 1318 is divided by 424?
46
What is the remainder when 8499 is divided by 8391?
108
Calculate the remainder when 177 is divided by 5.
2
What is the remainder when 148052 is divided by 464?
36
What is the remainder when 9717 is divided by 207?
195
Calculate the remainder when 873 is divided by 184.
137
What is the remainder when 1359 is divided by 554?
251
Calculate the remainder when 49825 is divided by 12454.
9
What is the remainder when 203082 is divided by 311?
310
What is the remainder when 3841 is divided by 1087?
580
What is the remainder when 84549 is divided by 50?
49
What is the remainder when 1479415 is divided by 45?
40
What is the remainder when 7277 is divided by 433?
349
What is the remainder when 1057 is divided by 244?
81
Calculate the remainder when 3636 is divided by 190.
26
Calculate the remainder when 361 is divided by 49.
18
What is the remainder when 1066 is divided by 905?
161
What is the remainder when 8736 is divided by 17?
15
What is the remainder when 3306 is divided by 252?
30
Calculate the remainder when 1043595 is divided by 103.
102
Calculate the remainder when 9328 is divided by 3103.
19
What is the remainder when 81671 is divided by 280?
191
Calculate the remainder when 45571 is divided by 3797.
7
Calculate the remainder when 74077 is divided by 5.
2
What is the remainder when 3404 is divided by 121?
16
What is the remainder when 65849 is divided by 1111?
300
Calculate the remainder when 2974 is divided by 813.
535
What is the remainder when 925044 is divided by 19?
10
What is the remainder when 9424 is divided by 1416?
928
What is the remainder when 753988 is divided by 97?
7
Calculate the remainder when 5363 is divided by 258.
203
Calculate the remainder when 23966 is divided by 5.
1
What is the remainder when 4563 is divided by 759?
9
What is the remainder when 278769 is divided by 208?
49
Calculate the remainder when 17298 is divided by 8120.
1058
What is the remainder when 50309 is divided by 71?
41
What is the remainder when 7933 is divided by 983?
69
What is the remainder when 114 is divided by 31?
21
What is the remainder when 76117 is divided by 44?
41
What is the remainder when 9471 is divided by 598?
501
Calculate the remainder when 596 is divided by 161.
113
What is the remainder when 1077 is divided 